{"id":59,"date":"2026-02-10T20:02:04","date_gmt":"2026-02-10T19:02:04","guid":{"rendered":"https:\/\/www.mmd25043.practicaunir.com\/?page_id=59"},"modified":"2026-02-13T18:09:18","modified_gmt":"2026-02-13T17:09:18","slug":"planes","status":"publish","type":"page","link":"https:\/\/www.mmd25043.practicaunir.com\/?page_id=59","title":{"rendered":"Planes"},"content":{"rendered":"\n<div class=\"wp-block-group alignfull has-global-padding is-layout-constrained wp-block-group-is-layout-constrained\" style=\"margin-top:0;margin-bottom:0;padding-top:var(--wp--preset--spacing--60);padding-bottom:var(--wp--preset--spacing--60)\">\n<h1 class=\"wp-block-heading alignwide has-text-align-center\"><strong>PLANES <mark style=\"background-color:rgba(0, 0, 0, 0)\" class=\"has-inline-color has-accent-1-color\"><em>ORO Y TERRACOTA<\/em><\/mark><\/strong><\/h1>\n\n\n\n<p class=\"has-text-align-center\">Como las flores que florecen en lugares inesperados, cada historia se despliega con belleza y resistencia, revelando maravillas ocultas.<\/p>\n\n\n\n<div style=\"height:30px\" aria-hidden=\"true\" class=\"wp-block-spacer\"><\/div>\n\n\n\n<div class=\"wp-block-columns alignwide is-layout-flex wp-container-core-columns-is-layout-1d9f35bd wp-block-columns-is-layout-flex\">\n<div class=\"wp-block-column has-border-color is-layout-flow wp-block-column-is-layout-flow\" style=\"border-color:var(--wp--preset--color--accent-6);border-width:1px;border-radius:10px;padding-top:var(--wp--preset--spacing--50);padding-right:var(--wp--preset--spacing--50);padding-bottom:var(--wp--preset--spacing--50);padding-left:var(--wp--preset--spacing--50)\">\n<h3 class=\"wp-block-heading\" id=\"free\"><mark style=\"background-color:rgba(0, 0, 0, 0)\" class=\"has-inline-color has-accent-1-color\">Esencial<\/mark><\/h3>\n\n\n\n<p class=\"has-large-font-size\"><em>Desde $450 \/mes<\/em><\/p>\n\n\n\n<p><strong>Para emprendedores y negocios que inician su presencia online.<\/strong><\/p>\n\n\n\n<ul style=\"padding-bottom:var(--wp--preset--spacing--20);padding-left:var(--wp--preset--spacing--20)\" class=\"wp-block-list is-style-checkmark-list has-small-font-size\">\n<li><strong>Incluye:<\/strong><\/li>\n\n\n\n<li>Diagn\u00f3stico y Estrategia B\u00e1sica de Marketing Digital<\/li>\n\n\n\n<li>Branding esencial (identidad visual b\u00e1sica)<\/li>\n\n\n\n<li>Dise\u00f1o de p\u00e1gina web informativa (one page)<\/li>\n\n\n\n<li>Optimizaci\u00f3n de Google Maps y presencia loca<\/li>\n<\/ul>\n\n\n\n<div class=\"wp-block-buttons is-content-justification-center is-layout-flex wp-container-core-buttons-is-layout-a89b3969 wp-block-buttons-is-layout-flex\">\n<div class=\"wp-block-button has-custom-width wp-block-button__width-100\"><a class=\"wp-block-button__link wp-element-button\"><strong>Seleccionar<\/strong> <\/a><\/div>\n<\/div>\n<\/div>\n\n\n\n<div class=\"wp-block-column is-vertically-aligned-top has-border-color is-layout-flow wp-block-column-is-layout-flow\" style=\"border-color:var(--wp--preset--color--accent-6);border-width:1px;border-radius:10px;padding-top:var(--wp--preset--spacing--50);padding-right:var(--wp--preset--spacing--50);padding-bottom:var(--wp--preset--spacing--50);padding-left:var(--wp--preset--spacing--50)\">\n<h3 class=\"wp-block-heading\" id=\"single\"><mark style=\"background-color:rgba(0, 0, 0, 0);color:#d29000\" class=\"has-inline-color\"><strong>Legado Elite <em>(M\u00e1s Popular)<\/em><\/strong><\/mark><\/h3>\n\n\n\n<p class=\"has-large-font-size\"><em>Desde $1,100 \/mes<\/em><\/p>\n\n\n\n<p><strong>Para marcas que buscan posicionarse como referentes y escalar su operaci\u00f3n digital.<\/strong><\/p>\n\n\n\n<ul style=\"padding-bottom:var(--wp--preset--spacing--20);padding-left:var(--wp--preset--spacing--20)\" class=\"wp-block-list is-style-checkmark-list has-small-font-size\">\n<li><strong>Incluye:<\/strong><\/li>\n\n\n\n<li>Formaci\u00f3n y acompa\u00f1amiento al equipo interno<\/li>\n\n\n\n<li>Consultor\u00eda estrat\u00e9gica integral de marketing digital<\/li>\n\n\n\n<li>Branding avanzado y posicionamiento de marca<\/li>\n\n\n\n<li>Ecosistema digital completo (web, SEO, paid media, social media)<\/li>\n\n\n\n<li>Producci\u00f3n audiovisual profesional<\/li>\n\n\n\n<li>Automatizaci\u00f3n de marketing + IA<\/li>\n<\/ul>\n\n\n\n<div class=\"wp-block-buttons is-content-justification-center is-layout-flex wp-container-core-buttons-is-layout-a89b3969 wp-block-buttons-is-layout-flex\">\n<div class=\"wp-block-button has-custom-width wp-block-button__width-100\"><a class=\"wp-block-button__link wp-element-button\"><strong>Seleccionar<\/strong><\/a><\/div>\n<\/div>\n<\/div>\n\n\n\n<div class=\"wp-block-column has-border-color is-layout-flow wp-block-column-is-layout-flow\" style=\"border-color:var(--wp--preset--color--accent-6);border-width:1px;border-radius:10px;padding-top:var(--wp--preset--spacing--50);padding-right:var(--wp--preset--spacing--50);padding-bottom:var(--wp--preset--spacing--50);padding-left:var(--wp--preset--spacing--50)\">\n<h3 class=\"wp-block-heading\" id=\"single\"><strong><mark style=\"background-color:rgba(0, 0, 0, 0);color:#ff7700\" class=\"has-inline-color\">Empresarial Ancestral <\/mark><\/strong><\/h3>\n\n\n\n<p class=\"has-large-font-size\"><em>Desde $2,800 \/mes<\/em><\/p>\n\n\n\n<p><strong>Para empresas que quieren atraer clientes de forma constante y medible.<\/strong><\/p>\n\n\n\n<ul style=\"padding-bottom:var(--wp--preset--spacing--20);padding-left:var(--wp--preset--spacing--20)\" class=\"wp-block-list is-style-checkmark-list has-small-font-size\">\n<li><strong>Incluye:<\/strong><\/li>\n\n\n\n<li>Automatizaci\u00f3n b\u00e1sica y uso de IA para atenci\u00f3n o leads<sub>&nbsp;<\/sub><\/li>\n\n\n\n<li>Estrategia Digital enfocada en conversi\u00f3n<\/li>\n\n\n\n<li>Web optimizada para ventas o ecommerce<\/li>\n\n\n\n<li>Publicidad Digital (Google Ads y redes sociales)<\/li>\n\n\n\n<li>SEO y optimizaci\u00f3n para buscadores<\/li>\n<\/ul>\n\n\n\n<div class=\"wp-block-buttons is-content-justification-center is-layout-flex wp-container-core-buttons-is-layout-a89b3969 wp-block-buttons-is-layout-flex\">\n<div class=\"wp-block-button has-custom-width wp-block-button__width-100\"><a class=\"wp-block-button__link wp-element-button\"><strong>Seleccionar<\/strong><\/a><\/div>\n<\/div>\n<\/div>\n<\/div>\n<\/div>\n\n\n\n<div class=\"wp-block-group alignfull is-style-section-5 has-global-padding is-layout-constrained wp-block-group-is-layout-constrained is-style-section-5--1\" style=\"margin-top:0;margin-bottom:0;padding-top:var(--wp--preset--spacing--50);padding-bottom:var(--wp--preset--spacing--50)\">\n<div class=\"wp-block-columns alignwide is-layout-flex wp-container-core-columns-is-layout-7ee84d44 wp-block-columns-is-layout-flex\">\n<div class=\"wp-block-column is-vertically-aligned-center is-layout-flow wp-block-column-is-layout-flow\" style=\"flex-basis:50%\">\n<h2 class=\"wp-block-heading\"><strong>\u00bfBuscas una <mark style=\"background-color:rgba(0, 0, 0, 0)\" class=\"has-inline-color has-accent-1-color\">soluci\u00f3n artesanal?<\/mark><\/strong><\/h2>\n\n\n\n<p class=\"has-medium-font-size\">Dise\u00f1amos estrategias personalizadas que se adaptan a las ra\u00edces de tu negocio. Desde e-commerce complejos hasta documentales de marca de gran formato.<\/p>\n<\/div>\n\n\n\n<div class=\"wp-block-column is-layout-flow wp-block-column-is-layout-flow\"><\/div>\n\n\n\n<div class=\"wp-block-column is-vertically-aligned-center is-layout-flow wp-block-column-is-layout-flow\" style=\"flex-basis:50%\">\n<figure class=\"wp-block-image aligncenter size-full is-resized is-style-rounded wp-duotone-unset-2\"><img loading=\"lazy\" decoding=\"async\" width=\"2058\" height=\"1372\" src=\"https:\/\/www.mmd25043.practicaunir.com\/wp-content\/uploads\/2026\/02\/Oceano_pacifico_en_el_Choco_Colombia.jpg\" alt=\"\" class=\"wp-image-147\" style=\"aspect-ratio:1;object-fit:cover;width:411px;height:auto\" srcset=\"https:\/\/www.mmd25043.practicaunir.com\/wp-content\/uploads\/2026\/02\/Oceano_pacifico_en_el_Choco_Colombia.jpg 2058w, https:\/\/www.mmd25043.practicaunir.com\/wp-content\/uploads\/2026\/02\/Oceano_pacifico_en_el_Choco_Colombia-300x200.jpg 300w, https:\/\/www.mmd25043.practicaunir.com\/wp-content\/uploads\/2026\/02\/Oceano_pacifico_en_el_Choco_Colombia-1024x683.jpg 1024w, https:\/\/www.mmd25043.practicaunir.com\/wp-content\/uploads\/2026\/02\/Oceano_pacifico_en_el_Choco_Colombia-768x512.jpg 768w, https:\/\/www.mmd25043.practicaunir.com\/wp-content\/uploads\/2026\/02\/Oceano_pacifico_en_el_Choco_Colombia-1536x1024.jpg 1536w, https:\/\/www.mmd25043.practicaunir.com\/wp-content\/uploads\/2026\/02\/Oceano_pacifico_en_el_Choco_Colombia-2048x1365.jpg 2048w\" sizes=\"auto, (max-width: 2058px) 100vw, 2058px\" \/><\/figure>\n<\/div>\n<\/div>\n\n\n\n<div class=\"wp-block-buttons alignwide is-layout-flex wp-block-buttons-is-layout-flex\">\n<div class=\"wp-block-button\"><a class=\"wp-block-button__link wp-element-button\"><strong>Llamar Ahora<\/strong><\/a><\/div>\n\n\n\n<div class=\"wp-block-button\"><a class=\"wp-block-button__link wp-element-button\"><strong>Enviar Mensaje<\/strong><\/a><\/div>\n<\/div>\n<\/div>\n\n\n\n<p><\/p>\n","protected":false},"excerpt":{"rendered":"<p>PLANES ORO Y TERRACOTA Como las flores que florecen en lugares inesperados, cada historia se despliega con belleza y resistencia, revelando maravillas ocultas. Esencial Desde $450 \/mes Para emprendedores y negocios que inician su presencia online. Legado Elite (M\u00e1s Popular) Desde $1,100 \/mes Para marcas que buscan posicionarse como referentes y escalar su operaci\u00f3n digital. [&hellip;]<\/p>\n","protected":false},"author":2,"featured_media":0,"parent":0,"menu_order":0,"comment_status":"closed","ping_status":"closed","template":"","meta":{"footnotes":""},"class_list":["post-59","page","type-page","status-publish","hentry"],"yoast_head":"<!-- This site is optimized with the Yoast SEO plugin v26.9 - https:\/\/yoast.com\/product\/yoast-seo-wordpress\/ -->\n<title>Planes - MAREA CREATIVA<\/title>\n<meta name=\"robots\" content=\"index, follow, max-snippet:-1, max-image-preview:large, max-video-preview:-1\" \/>\n<link rel=\"canonical\" href=\"https:\/\/www.mmd25043.practicaunir.com\/?page_id=59\" \/>\n<meta property=\"og:locale\" content=\"es_ES\" \/>\n<meta property=\"og:type\" content=\"article\" \/>\n<meta property=\"og:title\" content=\"Planes - MAREA CREATIVA\" \/>\n<meta property=\"og:description\" content=\"PLANES ORO Y TERRACOTA Como las flores que florecen en lugares inesperados, cada historia se despliega con belleza y resistencia, revelando maravillas ocultas. Esencial Desde $450 \/mes Para emprendedores y negocios que inician su presencia online. Legado Elite (M\u00e1s Popular) Desde $1,100 \/mes Para marcas que buscan posicionarse como referentes y escalar su operaci\u00f3n digital. [&hellip;]\" \/>\n<meta property=\"og:url\" content=\"https:\/\/www.mmd25043.practicaunir.com\/?page_id=59\" \/>\n<meta property=\"og:site_name\" content=\"MAREA CREATIVA\" \/>\n<meta property=\"article:publisher\" content=\"https:\/\/www.facebook.com\/share\/186mZctnDW\/\" \/>\n<meta property=\"article:modified_time\" content=\"2026-02-13T17:09:18+00:00\" \/>\n<meta property=\"og:image\" content=\"https:\/\/www.mmd25043.practicaunir.com\/wp-content\/uploads\/2026\/02\/Oceano_pacifico_en_el_Choco_Colombia.jpg\" \/>\n<meta name=\"twitter:card\" content=\"summary_large_image\" \/>\n<meta name=\"twitter:label1\" content=\"Tiempo de lectura\" \/>\n\t<meta name=\"twitter:data1\" content=\"1 minuto\" \/>\n<script type=\"application\/ld+json\" class=\"yoast-schema-graph\">{\"@context\":\"https:\/\/schema.org\",\"@graph\":[{\"@type\":\"WebPage\",\"@id\":\"https:\/\/www.mmd25043.practicaunir.com\/?page_id=59\",\"url\":\"https:\/\/www.mmd25043.practicaunir.com\/?page_id=59\",\"name\":\"Planes - MAREA CREATIVA\",\"isPartOf\":{\"@id\":\"http:\/\/www.mmd25043.practicaunir.com\/#website\"},\"primaryImageOfPage\":{\"@id\":\"https:\/\/www.mmd25043.practicaunir.com\/?page_id=59#primaryimage\"},\"image\":{\"@id\":\"https:\/\/www.mmd25043.practicaunir.com\/?page_id=59#primaryimage\"},\"thumbnailUrl\":\"https:\/\/www.mmd25043.practicaunir.com\/wp-content\/uploads\/2026\/02\/Oceano_pacifico_en_el_Choco_Colombia.jpg\",\"datePublished\":\"2026-02-10T19:02:04+00:00\",\"dateModified\":\"2026-02-13T17:09:18+00:00\",\"breadcrumb\":{\"@id\":\"https:\/\/www.mmd25043.practicaunir.com\/?page_id=59#breadcrumb\"},\"inLanguage\":\"es\",\"potentialAction\":[{\"@type\":\"ReadAction\",\"target\":[\"https:\/\/www.mmd25043.practicaunir.com\/?page_id=59\"]}]},{\"@type\":\"ImageObject\",\"inLanguage\":\"es\",\"@id\":\"https:\/\/www.mmd25043.practicaunir.com\/?page_id=59#primaryimage\",\"url\":\"https:\/\/www.mmd25043.practicaunir.com\/wp-content\/uploads\/2026\/02\/Oceano_pacifico_en_el_Choco_Colombia.jpg\",\"contentUrl\":\"https:\/\/www.mmd25043.practicaunir.com\/wp-content\/uploads\/2026\/02\/Oceano_pacifico_en_el_Choco_Colombia.jpg\",\"width\":2058,\"height\":1372},{\"@type\":\"BreadcrumbList\",\"@id\":\"https:\/\/www.mmd25043.practicaunir.com\/?page_id=59#breadcrumb\",\"itemListElement\":[{\"@type\":\"ListItem\",\"position\":1,\"name\":\"Portada\",\"item\":\"http:\/\/www.mmd25043.practicaunir.com\/\"},{\"@type\":\"ListItem\",\"position\":2,\"name\":\"Planes\"}]},{\"@type\":\"WebSite\",\"@id\":\"http:\/\/www.mmd25043.practicaunir.com\/#website\",\"url\":\"http:\/\/www.mmd25043.practicaunir.com\/\",\"name\":\"MAREA CREATIVA\",\"description\":\"\",\"publisher\":{\"@id\":\"http:\/\/www.mmd25043.practicaunir.com\/#organization\"},\"potentialAction\":[{\"@type\":\"SearchAction\",\"target\":{\"@type\":\"EntryPoint\",\"urlTemplate\":\"http:\/\/www.mmd25043.practicaunir.com\/?s={search_term_string}\"},\"query-input\":{\"@type\":\"PropertyValueSpecification\",\"valueRequired\":true,\"valueName\":\"search_term_string\"}}],\"inLanguage\":\"es\"},{\"@type\":\"Organization\",\"@id\":\"http:\/\/www.mmd25043.practicaunir.com\/#organization\",\"name\":\"MAREA CREATIVA\",\"url\":\"http:\/\/www.mmd25043.practicaunir.com\/\",\"logo\":{\"@type\":\"ImageObject\",\"inLanguage\":\"es\",\"@id\":\"http:\/\/www.mmd25043.practicaunir.com\/#\/schema\/logo\/image\/\",\"url\":\"https:\/\/www.mmd25043.practicaunir.com\/wp-content\/uploads\/2026\/02\/Logo-marea.png\",\"contentUrl\":\"https:\/\/www.mmd25043.practicaunir.com\/wp-content\/uploads\/2026\/02\/Logo-marea.png\",\"width\":433,\"height\":278,\"caption\":\"MAREA CREATIVA\"},\"image\":{\"@id\":\"http:\/\/www.mmd25043.practicaunir.com\/#\/schema\/logo\/image\/\"},\"sameAs\":[\"https:\/\/www.facebook.com\/share\/186mZctnDW\/\",\"https:\/\/www.instagram.com\/marea_creativa777?igsh=Z2RxNmt6eTY2cmJm&utm_source=qr\",\"https:\/\/www.linkedin.com\/in\/marea-creativa-agencia-99a1063b0\/\"]}]}<\/script>\n<!-- \/ Yoast SEO plugin. -->","yoast_head_json":{"title":"Planes - MAREA CREATIVA","robots":{"index":"index","follow":"follow","max-snippet":"max-snippet:-1","max-image-preview":"max-image-preview:large","max-video-preview":"max-video-preview:-1"},"canonical":"https:\/\/www.mmd25043.practicaunir.com\/?page_id=59","og_locale":"es_ES","og_type":"article","og_title":"Planes - MAREA CREATIVA","og_description":"PLANES ORO Y TERRACOTA Como las flores que florecen en lugares inesperados, cada historia se despliega con belleza y resistencia, revelando maravillas ocultas. Esencial Desde $450 \/mes Para emprendedores y negocios que inician su presencia online. Legado Elite (M\u00e1s Popular) Desde $1,100 \/mes Para marcas que buscan posicionarse como referentes y escalar su operaci\u00f3n digital. [&hellip;]","og_url":"https:\/\/www.mmd25043.practicaunir.com\/?page_id=59","og_site_name":"MAREA CREATIVA","article_publisher":"https:\/\/www.facebook.com\/share\/186mZctnDW\/","article_modified_time":"2026-02-13T17:09:18+00:00","og_image":[{"url":"https:\/\/www.mmd25043.practicaunir.com\/wp-content\/uploads\/2026\/02\/Oceano_pacifico_en_el_Choco_Colombia.jpg","type":"","width":"","height":""}],"twitter_card":"summary_large_image","twitter_misc":{"Tiempo de lectura":"1 minuto"},"schema":{"@context":"https:\/\/schema.org","@graph":[{"@type":"WebPage","@id":"https:\/\/www.mmd25043.practicaunir.com\/?page_id=59","url":"https:\/\/www.mmd25043.practicaunir.com\/?page_id=59","name":"Planes - MAREA CREATIVA","isPartOf":{"@id":"http:\/\/www.mmd25043.practicaunir.com\/#website"},"primaryImageOfPage":{"@id":"https:\/\/www.mmd25043.practicaunir.com\/?page_id=59#primaryimage"},"image":{"@id":"https:\/\/www.mmd25043.practicaunir.com\/?page_id=59#primaryimage"},"thumbnailUrl":"https:\/\/www.mmd25043.practicaunir.com\/wp-content\/uploads\/2026\/02\/Oceano_pacifico_en_el_Choco_Colombia.jpg","datePublished":"2026-02-10T19:02:04+00:00","dateModified":"2026-02-13T17:09:18+00:00","breadcrumb":{"@id":"https:\/\/www.mmd25043.practicaunir.com\/?page_id=59#breadcrumb"},"inLanguage":"es","potentialAction":[{"@type":"ReadAction","target":["https:\/\/www.mmd25043.practicaunir.com\/?page_id=59"]}]},{"@type":"ImageObject","inLanguage":"es","@id":"https:\/\/www.mmd25043.practicaunir.com\/?page_id=59#primaryimage","url":"https:\/\/www.mmd25043.practicaunir.com\/wp-content\/uploads\/2026\/02\/Oceano_pacifico_en_el_Choco_Colombia.jpg","contentUrl":"https:\/\/www.mmd25043.practicaunir.com\/wp-content\/uploads\/2026\/02\/Oceano_pacifico_en_el_Choco_Colombia.jpg","width":2058,"height":1372},{"@type":"BreadcrumbList","@id":"https:\/\/www.mmd25043.practicaunir.com\/?page_id=59#breadcrumb","itemListElement":[{"@type":"ListItem","position":1,"name":"Portada","item":"http:\/\/www.mmd25043.practicaunir.com\/"},{"@type":"ListItem","position":2,"name":"Planes"}]},{"@type":"WebSite","@id":"http:\/\/www.mmd25043.practicaunir.com\/#website","url":"http:\/\/www.mmd25043.practicaunir.com\/","name":"MAREA CREATIVA","description":"","publisher":{"@id":"http:\/\/www.mmd25043.practicaunir.com\/#organization"},"potentialAction":[{"@type":"SearchAction","target":{"@type":"EntryPoint","urlTemplate":"http:\/\/www.mmd25043.practicaunir.com\/?s={search_term_string}"},"query-input":{"@type":"PropertyValueSpecification","valueRequired":true,"valueName":"search_term_string"}}],"inLanguage":"es"},{"@type":"Organization","@id":"http:\/\/www.mmd25043.practicaunir.com\/#organization","name":"MAREA CREATIVA","url":"http:\/\/www.mmd25043.practicaunir.com\/","logo":{"@type":"ImageObject","inLanguage":"es","@id":"http:\/\/www.mmd25043.practicaunir.com\/#\/schema\/logo\/image\/","url":"https:\/\/www.mmd25043.practicaunir.com\/wp-content\/uploads\/2026\/02\/Logo-marea.png","contentUrl":"https:\/\/www.mmd25043.practicaunir.com\/wp-content\/uploads\/2026\/02\/Logo-marea.png","width":433,"height":278,"caption":"MAREA CREATIVA"},"image":{"@id":"http:\/\/www.mmd25043.practicaunir.com\/#\/schema\/logo\/image\/"},"sameAs":["https:\/\/www.facebook.com\/share\/186mZctnDW\/","https:\/\/www.instagram.com\/marea_creativa777?igsh=Z2RxNmt6eTY2cmJm&utm_source=qr","https:\/\/www.linkedin.com\/in\/marea-creativa-agencia-99a1063b0\/"]}]}},"_links":{"self":[{"href":"https:\/\/www.mmd25043.practicaunir.com\/index.php?rest_route=\/wp\/v2\/pages\/59","targetHints":{"allow":["GET"]}}],"collection":[{"href":"https:\/\/www.mmd25043.practicaunir.com\/index.php?rest_route=\/wp\/v2\/pages"}],"about":[{"href":"https:\/\/www.mmd25043.practicaunir.com\/index.php?rest_route=\/wp\/v2\/types\/page"}],"author":[{"embeddable":true,"href":"https:\/\/www.mmd25043.practicaunir.com\/index.php?rest_route=\/wp\/v2\/users\/2"}],"replies":[{"embeddable":true,"href":"https:\/\/www.mmd25043.practicaunir.com\/index.php?rest_route=%2Fwp%2Fv2%2Fcomments&post=59"}],"version-history":[{"count":8,"href":"https:\/\/www.mmd25043.practicaunir.com\/index.php?rest_route=\/wp\/v2\/pages\/59\/revisions"}],"predecessor-version":[{"id":237,"href":"https:\/\/www.mmd25043.practicaunir.com\/index.php?rest_route=\/wp\/v2\/pages\/59\/revisions\/237"}],"wp:attachment":[{"href":"https:\/\/www.mmd25043.practicaunir.com\/index.php?rest_route=%2Fwp%2Fv2%2Fmedia&parent=59"}],"curies":[{"name":"wp","href":"https:\/\/api.w.org\/{rel}","templated":true}]}}